23).
-32
Let f(a) = -2*a**3 - 9*a**2 - 8. Calculate f(-6).
100
Let s(t) = -3*t**2 + 10*t + 3. Determine s(5).
-22
Let o(k) = k**2 + 36. What is o(0)?
36
Let z(g) = g**3 - 2*g**2 - g + 2. Calculate z(2).
0
Let i(d) = 2*d**2 + d + 4. Determine i(-2).
10
Let n(j) = -6*j**2 - 9*j - 10. What is n(-1)?
-7
Let k(w) = w**3 - w**2 - w - 3. Give k(2).
-1
Let p(m) = -m + 57. What is p(16)?
41
Let t(b) = b**3 + 27*b**2 + 70*b - 45. Give t(-24).
3
Let a(n) = -18*n + 199. What is a(11)?
1
Let v(s) = 2*s**3 + 7*s**2 - 14*s - 47. Give v(-3).
4
Let c(r) = -14*r**2 - 2*r + 2. Give c(1).
-14
Let d(i) = i**2 - 17*i - 23. What is d(18)?
-5
Let o(z) = -z**3 + 6*z**2 - z - 5. What is o(6)?
-11
Let q(t) = -10*t + 1. Give q(-2).
21
Let a(t) = 12*t - 5. Give a(3).
31
Let i(r) = r**3 + 22*r**2 - 3*r + 32. Calculate i(-22).
98
Let o(z) = z**3 + 4*z**2 - 10*z - 18. Determine o(-5).
7
Let k(y) = 2*y**3 + 74*y**2 + 67*y - 173. Give k(-36).
7
Let w(v) = -v - 7. What is w(5)?
-12
Let j(z) = 3*z**3 - 21*z**2 - 27*z + 28. Calculate j(8).
4
Let z(k) = -37*k**3 + k**2 + k - 1. Give z(-1).
36
Let h(w) = w - 37. Determine h(13).
-24
Let g(y) = -y**3 - 7*y**2 + 13*y - 1. Give g(-8).
-41
Let f(c) = -c**3 - 18*c**2 - 41*c - 38. Determine f(-16).
106
Let o(m) = -3*m. Calculate o(5).
-15
Let d(y) = -y**2 + 5*y + 69. Calculate d(-6).
3
Let l(a) = -2*a - 3. Give l(6).
-15
Let k(r) = -r**2 - r - 7. Give k(-6).
-37
Let n(t) = -2*t**2 - t + 40. Give n(5).
-15
Let h(p) = -p**3 + 9*p**2 - 14*p + 47. Determine h(8).
-1
Let b(f) = f**3 - 2*f**2 - 2*f + 4. Determine b(3).
7
Let m(u) = u**3 - 9*u**2 + 17*u + 9. Give m(6).
3
Let n(h) = -h**3 - 7*h**2 + 4*h + 35. Give n(-7).
7
Let l(z) = z**2 - 5*z + 4. Determine l(4).
0
Let p(v) = -v**2 + 16*v + 93. Determine p(21).
-12
Let d(m) = -4*m + 22. Determine d(10).
-18
Let i(o) = -12*o**2 + 5*o - 1. Give i(1).
-8
Let v(x) = x**3 + 9*x**2 + 14*x + 31. What is v(-8)?
-17
Let i(f) = f**2 + 12*f + 12. Give i(-5).
-23
Let x(m) = m + 20. Calculate x(13).
33
Let p(x) = -x - 11. Determine p(-7).
-4
Let b(g) = g**3 + 9*g**2 - 9*g - 7. Give b(-10).
-17
Let d(u) = u**3 - 16*u**2 - 14*u - 53. Give d(17).
-2
Let f(h) = 2*h**3 - 4*h - 2. Determine f(-3).
-44
Let h(m) = 7*m - 112. What is h(0)?
-112
Let m(u) = -13*u**3 - 3*u**2 - u + 1. Determine m(-1).
12
Let t(x) = -x - 1. Give t(-5).
4
Let p(r) = -r**2 - 22*r - 65. Determine p(-20).
-25
Let j(z) = 24*z**3 + z**2 - 3*z + 3. What is j(1)?
25
Let k(u) = 6*u - 57. Give k(10).
3
Let c(q) = q**2 + 6*q + 11. Determine c(-2).
3
Let c(s) = -s**3 - 26*s**2 - 24*s - 4. Calculate c(-25).
-29
Let v(q) = -8*q - 4. Calculate v(-3).
20
Let j(n) = -4*n + 26. Calculate j(9).
-10
Let s(w) = -2*w**3 + 5*w**2 + 7*w - 11. Give s(5).
-101
Let u(w) = -w + 29. Give u(29).
0
Let m(s) = -s**3 - 8*s**2 - 4. What is m(-8)?
-4
Let z(n) = -n**2 - 57*n - 217. Calculate z(-53).
-5
Let i(y) = y - 21. What is i(18)?
-3
Let u(j) = j**3 - 3*j**2 - 111*j + 30. Give u(12).
-6
Let q(i) = i**3 - 3*i**2 - 21*i + 4. Determine q(-4).
-24
Let f(l) = 3*l + 4. Determine f(9).
31
Let n(t) = 2*t**2 + 58*t + 34. What is n(-26)?
-122
Let g(c) = 4*c - 48. What is g(13)?
4
Let v(y) = -y**3 + y**2 + 19*y - 39. Give v(4).
-11
Let f(v) = -4*v**3 - 2*v**2 - 3*v + 5. What is f(2)?
-41
Let y(b) = b**3 + 5*b**2 - 27*b - 96. What is y(-7)?
-5
Let o(v) = v**2 + 12*v + 4. What is o(-9)?
-23
Let f(a) = a**3 - 2*a**2 - 7*a + 11. Calculate f(2).
-3
Let a(f) = 15*f**2. Give a(-1).
15
Let g(j) = 7*j - 22. Calculate g(3).
-1
Let t(u) = -u**3 + 11*u**2 - 25*u. Determine t(5).
25
Let c(v) = -2*v**2 + 12*v + 37. Determine c(11).
-73
Let d(i) = 8*i**2 + 18*i - 22. Calculate d(-3).
-4
Let l(m) = -m**3 - 19*m**2 + 18*m - 69. Calculate l(-20).
-29
Let z(f) = f**3 - 5*f**2 - 4*f + 6. Give z(6).
18
Let o(r) = r**2 + 3*r + 3. What is o(-4)?
7
Let g(v) = 27*v**3 - v**2 - 8*v - 8. Calculate g(-1).
-28
Let d(b) = b**2 - 10*b - 11. What is d(11)?
0
Let b(f) = -33*f - 154. Calculate b(-5).
11
Let v(c) = -c**2 - c - 3. What is v(-5)?
-23
Let n(i) = 7*i + 49. What is n(-7)?
0
Let b(p) = -7*p + 253. Give b(34).
15
Let r(o) = -o**3 - 11*o**2 - 10*o - 7. Give r(-10).
-7
Let c(a) = a**2 + 7*a - 8. What is c(-4)?
-20
Let r(b) = 3*b - 103. What is r(37)?
8
Let v(y) = -2*y**3 - 40*y**2 - 35*y + 61. Calculate v(-19).
4
Let h(i) = -2*i - 4. Give h(-2).
0
Let z(p) = 10*p - 61. Give z(7).
9
Let m(y) = 2*y**2 + 20*y - 8. Give m(-10).
-8
Let u(n) = -n**3 + 4*n**2 + 4*n. Give u(5).
-5
Let d(s) = s**3 + 14*s**2 + 17*s + 74. What is d(-13)?
22
Let i(w) = -w**2 - 45*w - 94. Determine i(-43).
-8
Let d(v) = -v - 5. What is d(8)?
-13
Let c(u) = 10*u**3 + u**2 + u. Determine c(-1).
-10
Let d(p) = -p**2 - 60*p - 801. Give d(-40).
-1
Let j(l) = 7*l - 5. Give j(0).
-5
Let y(a) = -a**2 - 2*a - 9. Give y(-4).
-17
Let i(g) = g**3 - 4*g**2 - 7*g + 17. What is i(5)?
7
Let l(h) = h**3 - 13*h**2 + 26*h - 48. What is l(11)?
-4
Let i(u) = -29*u - 146. Determine i(-5).
-1
Let s(d) = d**2 + 52*d + 146. Determine s(-49).
-1
Let y(p) = 12*p + 2. What is y(-1)?
-10
Let c(a) = -44*a**2 + 2*a - 1. Determine c(1).
-43
Let t(b) = 2*b**3 + b**2 + b + 2. Calculate t(2).
24
Let a(l) = l - 27. Calculate a(13).
-14
Let v(s) = s**2 + 15*s + 15. Give v(-10).
-35
Let x(z) = -z**3 - z**2 + 4*z + 5. Calculate x(-2).
1
Let q(t) = -t**3 + 10*t**2 - 17*t + 14. Determine q(8).
6
Let r(s) = 2*s + 2. What is r(-1)?
0
Let b(a) = a**3 - 6*a**2 + 2*a + 6. Calculate b(5).
-9
Let u(x) = -x**3 + 10*x**2 - 8*x - 6. Give u(9).
3
Let q(i) = -i**2 - 9*i - 3. Determine q(-8).
5
Let x(n) = -5*n**3 - 5*n**2 + 5*n. Determine x(1).
-5
Let r(y) = -y**3 + 8*y**2 + 16*y + 11. What is r(9)?
74
Let z(r) = 19*r - 33. Calculate z(-3).
-90
Let i(s) = -s**3 - 16*s**2 + 18*s + 13. What is i(-17)?
-4
Let k(c) = -c**3 - 5*c**2 + 4*c - 7. What is k(-6)?
5
Let o(w) = 71*w - 350. Give o(5).
5
Let g(q) = -9*q - 6. What is g(-4)?
30
Let b(q) = 6*q - 109. Give b(17).
-7
Let m(c) = -c**2 - 6*c - 6. What is m(-4)?
2
Let l(y) = 2*y**2 + 19*y + 8. Determine l(-8).
-16
Let i(j) = -j**2 - 37*j + 28. Give i(-38).
-10
Let x(o) = o**3 + 12*o**2 + 3. Calculate x(-12).
3
Let p(u) = u**3 + 5*u**2 + 13*u + 25. Give p(-3).
4
Let b(q) = -6*q + 64. Calculate b(10).
4
Let z(f) = 19*f**2 + f - 3. What is z(-2)?
71
Let s(p) = p + 25. Determine s(-26).
-1
Let f(s) = -71*s - 3. Calculate f(2).
-145
Let r(y) = -y**2 + 7*y - 10. Determine r(9).
-28
Let u(c) = -c**3 - 5*c**2 + 4*c - 7. What is u(-5)?
-27
Let u(i) = 3*i**2 + 6*i + 6. Give u(-3).
15
Let f(h) = 45*h - 2. Calculate f(-1).
-47
Let f(g) = g**3 + 2*g**2 - 3*g + 52. Calculate f(0).
52
Let y(d) = -d**3 + 33*d**2 + 53. Determine y(33).
53
Let o(t) = -t - 9. Determine o(11).
-20
Let p(j) = 2*j**2 - 3*j + 4. Determine p(2).
6
Let m(s) = -s**2 - 12*s - 18. Calculate m(-11).
-7
Let y(g) = -g**3 - 9*g**2 - 4*g. Determine y(-5).
-80
Let y(r) = -r**3 + 9*r**2 + 10*r - 11. What is y(10)?
-11
Let w(t) = t**2 + 26*t. Calculate w(-23).
-69
Let y(z) = -z**2 - 6*z + 3. Calculate y(-6).
3
Let j(s) = -3*s**2 - 25*s + 94. Determine j(3).
-8
Let n(v) = -5*v**2 + 5*v - 4. What is n(1)?
-4
Let z(k) = -2*k - 13. What is z(10)?
-33
Let u(l) = -4*l**2 - 14*l + 1. Calculate u(-3).
7
Let t(r) = -r**3 - 3*r**2 - 2*r + 2. Determine t(-3).
8
Let j(c) = -c**3 - 17*c**2 - 17*c - 39. What is j(-16)?
-23
Let p(c) = c + 2. Calculate p(-3).
-1
Let w(u) = u**3 - u**2 - 9*u + 7. What is w(3)?
-2
Let n(w) = -w + 6. What is n(8)?
-2
Let x(i) = 7*i + 20. Give x(-9).
-43
Let j(a) = -8*a + 10. Determine j(4).
-22
Let s(l) = -11*l + 107. What is s(10)?
-3
Let l(x) = -x**3 - 7*x**2 - 7*x - 52. Give l(-7).
-3
Let w(h) = h**3 - 15*h**2 + 48*h - 140. What is w(12)?
4
Let k(f) = -f**3 + 8*f**2 - 6*f - 10. Determine k(7).
-3
Let c(n) = -6*n**2 - 4*n + 3. Calculate c(2).
-29
Let m(u) = u - 28. Determine m(12).
-16
Let n(m) = 16*m**2 + 11*m - 12. Determine n(1).
15
Let y(i) = 13*i + 807. Give y(-62).
1
Let p(b) = -b**3 - 9*b**2 + 12*b + 23. Determine p(-10).
3
Let q(f) = -20*f - 28. Calculate q(-7).
112
Let n(f) = -19*f - 186. Give n(-10).
4
Let f(y) = -y**3 + 19*y**2 + 38*y + 79. Calculate f(21).
-5
Let f(k) = k + 6. Calculate f(-7).
-1
Let k(z) = -z**2 - 9*z + 10. Determine k(-10).
0
Let a(l) = 2*l + 4. Determine a(-12).
-20
Let n(f) = 3*f + 117. Determine n(-39).
0
Let q(d) = 26*d**3 - d**2 + d + 